e
Let l = -8857 - -17340. Is l a prime number?
False
Let q be -8 + (4 - 0) - -337. Suppose -o - q = -4*o. Is o a prime number?
False
Let i(a) = a**3 + 6*a**2 + 6*a + 11. Let u be i(-5). Suppose u*l = -l + 10913. Is l a prime number?
True
Suppose 0 = 4*b - 17 + 1. Suppose o - 2939 = -2*n, b*o - 12734 = 4*n - 1002. Is o composite?
True
Suppose 2*j = 2*b - 3 - 1, 2*j - 24 = -5*b. Let z = 1 + 4. Suppose 242 - 3185 = -5*n - j*d, -z*d + 1173 = 2*n. Is n composite?
True
Suppose -19*m - 11099 = -30*m. Is m prime?
True
Let b = -9 + 13. Suppose 4*a - 8*a = -b*f - 1580, -2*a + f = -793. Is (-1)/(0 + (-2)/a) a composite number?
False
Suppose -6*s + 12548 + 12406 = 0. Let g = 6956 - s. Is g a prime number?
True
Suppose 0 = -52*b + 32*b + 226060. Is b composite?
True
Suppose -11*d + 8*d = -12, -3*d = -z + 47. Is z composite?
False
Let y be 288/30 - (-6)/15. Let r = y + -10. Is (0 - (-1 + r))*149 composite?
False
Suppose -3*j + 0*j - 3*f = -7824, -5*f - 13050 = -5*j. Is j a composite number?
False
Suppose -7*j + 5 + 2 = 0. Is (-1 - j)*5/(40/(-2132)) composite?
True
Suppose -290 = -5*c + 6135. Suppose 0 = -0*p - 5*p + c. Is p prime?
True
Let r(v) = -2*v + 4. Let q be r(3). Let c(p) = -367*p + 3. Is c(q) prime?
False
Suppose 5*h - b = 4*b - 18150, -3*b - 14513 = 4*h. Let a = h + 5535. Suppose -5*i - d = -a, -5*d + 2*d + 1527 = 4*i. Is i composite?
True
Suppose 3*z + 4*d + 5 = 10, -16 = -4*z + 4*d. Suppose z*i - 4 = i. Suppose -i*n + 133 = -n. Is n a prime number?
False
Is (-38)/247 + 43681*30/26 composite?
True
Suppose 141832 = 11*p - 0*h - 3*h, 2*h = -2*p + 25780. Is p composite?
False
Suppose 0 = -14*l + 12*l + 204. Let j = l + 27. Is j a composite number?
True
Is (-12)/21 - 713790/(-98) prime?
True
Let f be (0 + 0)/(-4) - -4. Suppose -f*y + 19 + 1769 = 0. Is y a composite number?
True
Let y(l) = 2*l - 12. Let s be (-17)/(-2) + 1/(-2). Let t be y(s). Suppose d - t*d = 4*k - 173, 5*d - 299 = 4*k. Is d a composite number?
False
Let q be (21/(-2))/(18/(-48)). Let w = q - -26. Suppose 0 = -4*p + 158 + w. Is p prime?
True
Let o(d) = -d - 4. Let q be o(-9). Is (-631)/(q/(-3) - 4/(-6)) composite?
False
Suppose r + 7 = -2*a, 0*r = -5*a + 5*r + 20. Is (-2 - -627) + -1 + a prime?
False
Let t(n) = -13*n + 4. Let y be t(1). Let g(w) = w**2 - 3*w + 7. Is g(y) a prime number?
False
Let w(m) = -115*m. Let k be w(-1). Suppose 3*n - 248 - k = 0. Is n prime?
False
Let d = 1 - -8. Let q(g) = 10*g**2 + 13*g - 6. Let o be q(d). Suppose 4*x - o = x. Is x prime?
True
Is (-64 - -63)/((-1)/10421) composite?
True
Suppose -2*q + 152266 = -2*l, 5*q + 44930 - 425607 = -l. Is q a composite number?
True
Suppose -4*a + 36374 = -2*s, 12306 = 5*a - 4*s - 33169. Is a composite?
False
Let v(u) = 5*u + 2. Let n be v(2). Let q = n - 8. Suppose -x = 3*h - 63 + 13, 0 = 2*x + q*h - 110. Is x a prime number?
False
Suppose -4*c + 10 = -2. Suppose 0 = -x - c + 6. Suppose 3*g + x = 0, 2*u - 110 - 40 = -4*g. Is u prime?
False
Suppose -2*z = z. Let g be z*(-1 + (-2 - -2)). Suppose 0 = 3*t + 4*s - 869, g = t - s + 48 - 347. Is t a composite number?
True
Let b = -503 + 337. Is (0 - b/4)*2 composite?
False
Let r(u) = 7*u + 3070. Let s be r(0). Suppose -7*p = -4*p, 5*i - 2*p = s. Is i composite?
True
Let g(r) = -5*r - 20. Let o be g(-3). Is (o/(-10))/((-2)/(-4604)) prime?
True
Suppose 4*a + y = 85003, 0 = 2*a + 4*y - 17983 - 24515. Is a a prime number?
False
Let c = 1863 - -4604. Is c prime?
False
Suppose -5*x - i = -23493, 0 = 4*x - x + i - 14095. Is x prime?
False
Let i be -3 - (-612)/(16/4). Suppose -2*o + 4*m + 396 = i, 4*o - 2*m = 504. Is o a prime number?
True
Suppose 4*p - 9 = p. Suppose -p*u = -7*u + 1668. Is u a prime number?
False
Let r(b) = 29*b + 27. Let c(q) = -2*q**2 - 35*q - 1. Let z be c(-17). Is r(z) prime?
True
Suppose -18*f + 12*f + 27822 = 0. Is f a composite number?
False
Let x = -279 - -125. Let l(m) = -74*m + 8. Let y be l(-6). Let q = y + x. Is q composite?
True
Let f(s) = 1 + 2 + 237*s**2 + s - 2. Let h be (4 - (0 - -3))/(-1). Is f(h) a prime number?
False
Let g be (269 - 0) + (-1 - -2). Suppose g = 2*v + q + 47, 4*q = -20. Suppose -2*p + v + 44 = 0. Is p composite?
False
Suppose 2533 = -7*n + 867. Is ((-5)/(-2))/((-7)/n) prime?
False
Suppose -3*l + 1 = -h - 2*l, 4*h = -3*l + 10. Suppose 5*a + 85 = 5*k, k + 0*a = -5*a - h. Is 1 + 0 + (246 - k) composite?
False
Suppose -2*n - 2672 = -4*y, -1440 - 1907 = -5*y - n. Is y prime?
False
Let r be (2 + 0)/((-4)/(-6)). Suppose b - 354 = -r*k + 81, 0 = -k + 2*b + 152. Is k prime?
False
Suppose 4*l + 13 - 3 = -5*b, -3*l = b + 2. Suppose -x + l*x + 7 = 0. Is -6 + x - 184/(-2) prime?
False
Let l(d) = 6*d**3 - 27*d**2 + 18*d + 89. Is l(20) a composite number?
False
Suppose 5*d = -2*f - 490, -f = -2*d - 102 - 94. Let v(n) = -10*n**2 - 9*n + 8. Let p be v(-9). Let b = d - p. Is b prime?
False
Let g(q) = 10*q**2 - q + 14 - 2*q**2 - 8. Is g(-5) a composite number?
False
Let q(d) = 7*d**3 - d**2 - 1. Let o be q(1). Let x(m) = 149*m - 8. Is x(o) a composite number?
True
Suppose -3*j = j. Suppose j*h = -3*h. Suppose -4*i - g + 3*g + 360 = h, 0 = -5*i + 4*g + 447. Is i a prime number?
False
Let z(s) = s - 10. Let a(i) = i - 1. Let f(o) = -2*a(o) + z(o). Let u be f(-12). Suppose -2*r - k = 2*k - 95, 225 = u*r - k. Is r prime?
False
Let d be 4/(-26) - (-6096)/78. Let z be (-33)/39 + (-12)/d. Let r(f) = -331*f**3 + f**2 + 2*f + 1. Is r(z) composite?
False
Let f(m) = -183*m**2 + 10*m - 4. Let u be f(-8). Let p be u/(-9) + (-4)/6. Let q = p - 675. Is q prime?
False
Suppose 2*u = 19 + 13. Suppose -1677 = -2*b + b + 5*y, -u = 4*y. Is b a prime number?
True
Let f be (-4082)/(-5) + 4/(-10). Let o be (1 + -3)/(11/(-22)). Suppose 0 = o*w - f - 412. Is w prime?
True
Let v(n) be the second derivative of -163*n**5/10 - n**4/3 - n**3/3 + 3*n**2/2 + 40*n. Is v(-2) prime?
False
Suppose -f = -5*u - 0 - 5, -4*f + 5*u + 20 = 0. Suppose f*h - 3*h - 514 = 0. Is h a composite number?
False
Let x = 34 - 32. Is x/(-4) + (-247)/(-2) a prime number?
False
Let g = 4023 - -745. Let y = -3207 + g. Is y prime?
False
Let j(b) = -244*b + 237. Is j(-43) a composite number?
False
Let l(f) = -164*f - 3. Let b(s) = -2*s + 12. Let k(q) = q**3 - 5*q**2 + 6*q. Let x be k(4). Let t be b(x). Is l(t) prime?
True
Suppose -7*j + 2*j - 350 = 0. Is ((-4)/14 + (-7650)/j)*1 composite?
False
Let k(y) = -21*y + 3. Suppose -2*w - 19 = 3*r - 3*w, -2*r + 3*w = 15. Is k(r) prime?
False
Suppose -8*n + 43661 = -17707. Is n prime?
False
Suppose k - 2*o - 4 = 0, -o + 6 = 3*k - 27. Suppose 2*v = 3*b + 24, -v + 1 = 5*b + 28. Is b/k - (-6552)/45 a composite number?
True
Suppose 0 = -g - 14 - 694. Is ((-2)/(-3))/(2*(-2)/g) composite?
True
Suppose 19*o + 318969 - 1577510 = 0. Is o composite?
False
Suppose 3*h - q - 10547 = 1509, 3*q = 3. Is h a composite number?
False
Suppose -3*u + 4*r + 2029 = 0, 2*u + 471 = r + 1827. Is u a prime number?
False
Let r be (28/35)/(3/15). Suppose -1271 = -r*p + 2189. Is p a prime number?
False
Let m(s) = 1228*s**3 - s**2 - 3*s + 3. Is m(1) a prime number?
False
Let l(m) = m**3 + 2*m**2 - 2*m - 1631. Let u be l(0). Let b = u - -3012. Is b a prime number?
True
Let j(a) = -5*a**2 + 2*a - 5. Let z(x) = 3*x**2 - 3*x + 4. Let l(v) = -3*j(v) - 4*z(v). Let w(t) = 2*t - 4. Let q be w(4). Is l(q) composite?
False
Suppose -144*b + 139*b + 25355 = 0. Is b prime?
False
Let s be 4/(2 - -2) + -1. Suppose -12 = 4*c - s. Is 20/(-30) - 2753/c prime?
False
Let u = -24291 + 66614. Is u a prime number?
True
Let w(h) = -62*h + 6. Let c be w(2). Is (c/(-6))/(((-5)/3)/(-5)) a prime number?
True
Let h = -15 + 11. Suppose 0 = m - 0*m - 7. Is (101 - m)/(h/(-6)) a composite number?
True
Suppose -2*w + 66 = 4*v - 924, 1467 = 3*w - 3*v. Is w a composite number?
False
Let j be (-42)/72*-38 + (-1)/6. Is (8/(24/(-69)))/((-2)/j) composite?
True
Is 8/88 - 84444/(-33) prime?
False
Let i(d) = -5*d + 2. Let z(l) = l**3 + 3*l**2 - 5*l - 2. Let r be z(-4). Let a be i(r). Let n = a + 199. Is n a prime number?
True
Is (-495)/(-297) + (-3214)/3*-1 composite?
True
Suppose 3*k - 43022 = -5*a, 3*a - 4*a - 43052 = -3*k. Is k a prime number?
False
Let j(a) be the second derivative of 143*a**3/6 + 49*a**2/2 + 6*a. Is j(6) a prime number?
True
Suppose -c = -4*j - 16, -5*j - 5 = -0*j - 5*c. Let h(x) = 53*x + 3. Let s be h(j). Let p